1?
7, 17526343
List the prime factors of 3507981451.
13, 271, 995737
What are the prime factors of 314483303?
227, 1385389
What are the prime factors of 1202681569?
23, 52290503
List the prime factors of 245767743.
3, 13, 53861
What are the prime factors of 283227246?
2, 3, 149, 35201
What are the prime factors of 25819598?
2, 7, 1844257
List the prime factors of 48362486.
2, 19, 653, 1949
List the prime factors of 294163548.
2, 3, 7, 19, 149, 1237
List the prime factors of 1307945931.
3, 491, 887947
List the prime factors of 629262187.
257, 2448491
List the prime factors of 29911104.
2, 3, 51929
What are the prime factors of 259770397?
613, 423769
List the prime factors of 1537017815.
5, 307403563
What are the prime factors of 4472696?
2, 523, 1069
What are the prime factors of 211968015?
3, 5, 7, 71, 28433
What are the prime factors of 59928361?
59928361
What are the prime factors of 61937045?
5, 23, 317, 1699
What are the prime factors of 213811032?
2, 3, 8908793
List the prime factors of 485524370.
2, 5, 89, 545533
List the prime factors of 766254872.
2, 17, 5634227
List the prime factors of 299451393.
3, 33272377
What are the prime factors of 7168339354?
2, 11, 29621237
List the prime factors of 6036052036.
2, 7, 31, 6953977
What are the prime factors of 476576697?
3, 43, 3694393
List the prime factors of 49246427.
23, 2141149
What are the prime factors of 425957511?
3, 7, 239, 84869
What are the prime factors of 578186181?
3, 373, 6379
What are the prime factors of 234196811?
17, 241, 57163
List the prime factors of 301545978.
2, 3, 5521, 9103
What are the prime factors of 119528933?
119528933
List the prime factors of 668641330.
2, 5, 7, 9552019
What are the prime factors of 129876173?
7, 419, 44281
What are the prime factors of 2289709099?
2289709099
List the prime factors of 1732357519.
293, 5912483
List the prime factors of 47436962.
2, 23718481
What are the prime factors of 2136731065?
5, 7, 1303, 46853
What are the prime factors of 2402720077?
6067, 396031
What are the prime factors of 196598282?
2, 19, 83, 751
What are the prime factors of 19866012?
2, 3, 1087, 1523
List the prime factors of 26347585.
5, 11, 19, 1327
What are the prime factors of 4664007544?
2, 7, 97, 787, 1091
What are the prime factors of 4146624378?
2, 3, 13, 317, 55901
What are the prime factors of 1222071218?
2, 611035609
List the prime factors of 602376830.
2, 5, 11, 61, 107, 839
List the prime factors of 733513311.
3, 59, 1381381
List the prime factors of 35327800.
2, 5, 29, 6091
What are the prime factors of 9517076?
2, 17, 173, 809
What are the prime factors of 1315489988?
2, 17, 71, 79, 3449
List the prime factors of 276645343.
13, 281, 75731
What are the prime factors of 503013196?
2, 7, 17964757
What are the prime factors of 182354338?
2, 31, 2941199
List the prime factors of 184927610.
2, 5, 7, 47, 56209
List the prime factors of 226277409.
3, 79, 954757
What are the prime factors of 17872137?
3, 661931
List the prime factors of 8704790.
2, 5, 870479
What are the prime factors of 28067392?
2, 113, 3881
List the prime factors of 54580974.
2, 3, 7, 367, 3541
What are the prime factors of 799975679?
17573, 45523
List the prime factors of 291973200.
2, 3, 5, 243311
List the prime factors of 9420681.
3, 37, 84871
What are the prime factors of 1400482878?
2, 3, 233413813
What are the prime factors of 2905736549?
2905736549
List the prime factors of 40713049.
13, 73, 42901
What are the prime factors of 3798568053?
3, 7, 379, 22727
What are the prime factors of 618267286?
2, 7, 13, 31, 109583
List the prime factors of 22306746.
2, 3, 7, 11, 53, 911
What are the prime factors of 6433759550?
2, 5, 199, 646609
What are the prime factors of 173504636?
2, 47, 922897
List the prime factors of 16665675.
3, 5, 13, 17093
List the prime factors of 155596470.
2, 3, 5, 37, 140177
What are the prime factors of 172295426?
2, 211, 408283
List the prime factors of 812082157.
29, 97, 288689
What are the prime factors of 20234531?
3677, 5503
What are the prime factors of 3337397831?
2243, 1487917
What are the prime factors of 1669040?
2, 5, 31, 673
List the prime factors of 938798135.
5, 11, 103, 165719
What are the prime factors of 211740330?
2, 3, 5, 97, 72763
What are the prime factors of 1207151055?
3, 5, 11, 47, 53, 89
What are the prime factors of 2954344517?
157, 18817481
What are the prime factors of 233749268?
2, 59, 990463
List the prime factors of 567679742.
2, 7, 17, 2385209
What are the prime factors of 8928684?
2, 3, 47, 1759
What are the prime factors of 156945464?
2, 13, 191, 7901
What are the prime factors of 551451971?
7, 78778853
List the prime factors of 3668776189.
13, 31, 613, 14851
What are the prime factors of 1529975240?
2, 5, 31, 1233851
List the prime factors of 371523.
3, 59, 2099
What are the prime factors of 89033165?
5, 13, 17, 197, 409
List the prime factors of 370843940.
2, 5, 1579, 11743
What are the prime factors of 12077165?
5, 41, 58913
What are the prime factors of 76160036?
2, 19040009
What are the prime factors of 654757436?
2, 223, 263, 2791
List the prime factors of 38703649.
38703649
What are the prime factors of 3406644219?
3, 11, 31, 3330053
What are the prime factors of 78739706?
2, 181, 443, 491
List the prime factors of 1108182441.
3, 167, 2211941
List the prime factors of 756212732.
2, 11, 1562423
What are the prime factors of 188941337?
13, 14533949
What are the prime factors of 116992958?
2, 58496479
What are the prime factors of 70286349?
3, 7, 601, 5569
List the prime factors of 20372406.
2, 3, 709, 4789
What are the prime factors of 375563017?
251, 1496267
List the prime factors of 148354696.
2, 7, 499, 5309
What are the prime factors of 199936208?
2, 29, 430897
What are the prime factors of 54433830?
2, 3, 5, 11, 17, 31, 313
List the prime factors of 25089442.
2, 7, 1792103
List the prime factors of 523644290.
2, 5, 13, 2003, 2011
List the prime factors of 7970490.
2, 3, 5, 11, 83, 97
List the prime factors of 15694607.
15694607
What are the prime factors of 955945695?
3, 5, 449, 141937
What are the prime factors of 24460350?
2, 3, 5, 179, 911
List the prime factors of 259555423.
29, 2713, 3299
List the prime factors of 42529806.
2, 3, 11, 23, 283
List the prime factors of 72736980.
2, 3, 5, 1212283
List the prime factors of 46976680.
2, 5, 37, 31741
List the prime factors of 697799240.
2, 5, 17444981
List the prime factors of 199367457.
3, 66455819
List the prime factors of 346707700.
2, 5, 139, 24943
List the prime factors of 167781594.
2, 3, 41, 73, 9343
List the prime factors of 424477834.
2, 11, 23, 838889
List the prime factors of 198794982.
2, 3, 3709, 8933
What are the prime factors of 296172544?
2, 223, 1297
List the prime factors of 4588642133.
97, 167, 283267
List the prime factors of 1281387767.
11, 17, 6852341
What are the prime factors of 32197258?
2, 2897, 5557
List the prime factors of 85525181.
7, 17, 461, 1559
List the prime factors of 510891853.
510891853
What are the prime factors of 305218510?
2, 5, 17, 23, 251, 311
What are the prime factors of 35979199?
23, 1564313
What are the prime factors of 137637298?
2, 6673, 10313
List the prime factors of 51885758.
2, 113, 229583
List the prime factors of 77075391.
3, 61, 421177
What are the prime factors of 432775504?
2, 7, 1933, 1999
List the prime factors of 45660670.
2, 5, 11, 415097
What are the prime factors of 701091912?
2, 3, 1511, 19333
What are the prime factors of 53776979?
53776979
List the prime factors of 3947813266.
2, 1973906633
List the prime factors of 3973467500.
2, 5, 1589387
What are the prime factors of 244443307?
12653, 19319
What are the prime factors of 64984805?
5, 419, 31019
What are the prime factors of 202541910?
2, 3, 5, 17, 23, 31, 557
What are the prime factors of 110780311?
103, 1075537
List the prime factors of 110654596.
2, 13, 2127973
List the prime factors of 23343145.
5, 7, 41, 16267
What are the prime factors of 39550501?
23, 257, 6691
What are the prime factors of 653743716?
2, 3, 19, 2867297
What are the prime factors of 984643530?
2, 3, 5, 13, 449, 5623
List the prime factors of 63554629.
63554629
What are the prime factors of 25397182?
2, 433, 29327
What are the prime factors of 937229952?
2, 3, 53, 46051
What ar